+ 88, -z + 149 = 3*z + t. Is z a composite number?
True
Let x be 0/(3*6/(-9)). Suppose 2*g = -4*f + 36, x = -0*g - 2*g + 5*f + 72. Is g composite?
True
Let w(k) = 8*k**2 - 1. Is w(4) composite?
False
Let w(o) = -54*o**3 - o**2. Let d = 9 - 4. Suppose 0*l - l = -t - 5, -d*t + 3*l - 17 = 0. Is w(t) a composite number?
False
Let r be 2/(-3)*228/(-8). Let g be (-10)/8*2*4. Is (-20)/g*r/2 a composite number?
False
Suppose 0*d + 2413 = 3*g - 4*d, 4*d = -5*g + 3979. Is g a prime number?
False
Let w(a) = -a**3 + 7*a**2 + a + 3. Is w(7) composite?
True
Let l(n) be the second derivative of -n**5/20 + 5*n**4/4 + 2*n**3 - 11*n**2/2 + 2*n. Is l(15) a composite number?
True
Let i be ((-4)/6)/((-6)/18). Let s = 0 - 1. Is -1 + i - (-9 + s) prime?
True
Is -8 - -4 - -1*423 a prime number?
True
Let f(a) = -a**3 - 5*a**2 + 8*a - 2. Let j be f(-6). Suppose 3*q = 4*q + 16. Is j/(q/6 + 2) prime?
False
Suppose m + 85 - 252 = -j, 0 = 3*j. Let u = m + -100. Is u prime?
True
Suppose -p - 97 = 4*a - 4*p, 25 = -5*p. Is 822/14 + (-8)/a composite?
False
Let p = 7 + -11. Is p/(-6) - 759/(-9) a composite number?
True
Suppose 10*b - 934 = 1116. Is b prime?
False
Is 3/(-9) - 1988/(-6) composite?
False
Let f(b) = -7*b - 8. Let d be f(-7). Let x = 206 - d. Suppose n + 2*n = x. Is n a prime number?
False
Let x = -811 - -1166. Is x a prime number?
False
Let m = -152 - -282. Let o(r) = -5*r - 17. Let p be o(-12). Let u = m - p. Is u prime?
False
Suppose 4 - 1 = -3*k. Let c(m) = -m - 1. Let x be c(k). Suppose 0*r = -5*r + i + 420, -2*r - i + 161 = x. Is r prime?
True
Let k(y) = y**3 - 5*y**2 - y - 1. Let c be k(3). Let x = c - 274. Let p = -153 - x. Is p prime?
False
Let f(s) = -s - 1. Let k be f(0). Is (-80)/k - (-3 + 0) a prime number?
True
Let c(u) = u**3 - 5*u**2 - 7*u + 6. Let i be c(6). Suppose i = x - y - 284, -1424 = x - 6*x + 3*y. Let w = x - 137. Is w prime?
True
Let c(r) = -2 - 7*r**2 - r + 4*r - 2*r**3 - 5*r - 4. Is c(-5) a prime number?
True
Let y = -4 - -7. Suppose 0 = -4*h + y*x + 376, -x - 470 = -5*h + 4*x. Let l = h - 17. Is l a composite number?
True
Let y be 25/35 + 4/14. Let n(p) = 24*p + 18*p + 9*p. Is n(y) prime?
False
Let g = 23 - 56. Is -1*7/3*g a composite number?
True
Suppose -7115 = -7*p - 1746. Is p a composite number?
True
Suppose 3*l = -3*q + l + 16, 4*q - 26 = -5*l. Suppose 2*k - d + 3*d = 2, -q*k - 5*d + 5 = 0. Suppose 2*t - 15 + 7 = k. Is t composite?
True
Suppose -120 = 4*h - 7*h. Suppose 5*v + 10 = h. Is v a composite number?
True
Let a(k) = 32*k**2 - k. Is a(1) a prime number?
True
Suppose -l = -2*l - 10. Let z = l - -19. Is z a prime number?
False
Let j(b) = -b**3 + 6*b**2 - b - 6. Is j(4) a composite number?
True
Is 3366 + (0/5 - -5) a composite number?
False
Let a = 7 - 10. Let g(z) = -2*z**3 - 3*z**2 - 2*z + 2. Is g(a) a prime number?
False
Suppose 5*z + 1 + 19 = -4*h, -8 = 2*z + 3*h. Let x(n) = -n + 993. Let p be x(0). Is z/(-18) - p/(-27) a prime number?
True
Let s = -3 + 5. Suppose 0 = s*c + 14 - 372. Is c composite?
False
Let x = -1 + -1. Let h be (-492)/7 - x/7. Is h/(-3) + 5/(-15) a prime number?
True
Suppose -2*b = 176 - 838. Is b a composite number?
False
Let j be (-2 + 3)/(-1 - -2). Let r(g) = 22*g - 13. Let x(n) = -n + 1. Let o(u) = j*r(u) + 6*x(u). Is o(6) a prime number?
True
Let r(a) = -a**3 - 4*a**2 - 5. Suppose 5*w + 15 = -5*o, o + 29 = 2*w - 4*o. Suppose 0 = w*i - 8, -4*u + 0*i - 40 = -4*i. Is r(u) composite?
False
Suppose -5*q = -25, -5*v + 599 - 1889 = -3*q. Let m = 123 - 259. Let r = m - v. Is r composite?
True
Suppose -36 = -u + 5*u. Let s be 2/((-1)/(u/3)). Suppose -s*v + 9*v - 345 = 0. Is v composite?
True
Let u be (-9 + 6)*-1*1. Let z(f) = 2*f + 2*f - 2 - f**2 - 5*f**2 - u*f**3. Is z(-5) composite?
True
Suppose 0 = -2*l + 3*l - 3. Suppose 3*a = -0*a - l. Let j(n) = -6*n**3 + n**2 - 1. Is j(a) a prime number?
False
Let i(h) = h**3 + 8*h**2 + 6*h - 3. Let v be i(-7). Let g be (1 - v/(-2)) + 0. Suppose -4*a + 205 = g*k, k + 0*k = -5. Is a prime?
False
Let w = 5 - 6. Let r(b) = 12*b. Let l be r(w). Is (l/(-18))/((-2)/(-57)) prime?
True
Suppose -w = 4*w + 15. Is 6/4*(-254)/w a prime number?
True
Let a be 4 + -2 + -3 + 1. Suppose 2*i + d + 10 - 202 = 0, -2*i + d + 196 = a. Is i prime?
True
Let u = 12 + 433. Is u a prime number?
False
Suppose 3*c + 82 - 310 = -4*j, 3*j = 5*c + 171. Is j a prime number?
False
Let m(o) = o**2 + 3*o - 2. Let b be m(-5). Let z(p) = 5*p**3 - 5*p**2 - 4*p**3 + 7 + 11*p - 4*p**2. Is z(b) a prime number?
True
Let u(v) = 5*v**2 - 3*v + 50. Let n(j) = -3*j**2 + 2*j - 33. Let c(s) = 8*n(s) + 5*u(s). Let r be c(0). Let o = r - -23. Is o a prime number?
False
Let f(r) = 344*r - 55. Is f(13) a prime number?
False
Let x(c) be the third derivative of 5*c**4/12 + 7*c**3/6 + 9*c**2. Is x(6) a prime number?
True
Let a(f) = -1. Let l(x) = 190*x**3 + 2*x**2 - 7. Let s(g) = -6*a(g) + l(g). Is s(1) a prime number?
True
Let i be (-10)/(-15)*(-87)/(-2). Let m = 111 - i. Is m prime?
False
Let h(b) = 75 + 89 - b + b**2 + 99 - b**3. Let y = 16 + -16. Is h(y) a composite number?
False
Suppose 8 = 2*f + 4*w - 5*w, -10 = f + 3*w. Is (-12492)/24*f/(-3) prime?
True
Suppose 3*s - 3*y - 2249 = 2*y, 5*y = 25. Is s a prime number?
False
Let m be (32 + -5)/(1/(-5)). Let v = m - -428. Is v prime?
True
Let r = -78 + 320. Suppose -6*c = -c + 15, -2*n = -4*c - r. Suppose -4*k + n = k. Is k composite?
False
Suppose 3*i + 3*v - 570 = 0, 0*i - 3*i + 3*v = -540. Is i a prime number?
False
Let h be 10/((-3)/(-3) - -1). Let a(d) = -5*d + 6 + 19*d + 7 - h. Is a(7) composite?
True
Let n be (-102)/27 + 4/(-18). Let a = -5 - n. Is -2*a/2*34 a prime number?
False
Suppose 3*r = 9, 6*y = 5*y - 3*r - 9. Let x be (-1 + 3)/2*-21. Is 9/y*(x - 1) prime?
True
Suppose 4*h - 9*h = -15, 5*h - 140 = -5*p. Is p prime?
False
Let c(b) = -b. Let f be c(-2). Is (3/(-9))/(f/(-474)) prime?
True
Let h(k) = 221*k + 1. Suppose -2*z + 14 = 2*y, -5*y = z - 0*z - 27. Is h(z) composite?
False
Let h(n) = 7*n**2 + 4*n + 6. Let a(p) = p**3 + p**2 + 2*p + 3. Let u be a(-2). Is h(u) a prime number?
False
Suppose -4*d = 2*g - 38, 4*d - g - 11 - 12 = 0. Let s(j) = -j**2 + 8*j + 4. Is s(d) composite?
False
Suppose 2*d = j - 1369 + 178, -2*d = 3*j - 3589. Is j a prime number?
False
Let t(i) = 16*i**2 + 4*i - 7. Is t(4) prime?
False
Suppose -5*m - 12 = 5*v + 63, 5*m = v - 63. Let j = m - -32. Is j prime?
True
Is 2 + -3 - 3552/(-4) a prime number?
True
Suppose -4*s - 2*o - 6 = 0, o = 3*s + 4*o. Let q be s/(-3)*(1 - -2). Suppose -5*r + 38 = 3*p, -q*r + 5*p = r - 23. Is r composite?
False
Let y be -1 + -1 - (-2 + -4). Let u = -235 + 421. Is (2/3)/(y/u) composite?
False
Let a(o) = -96*o - 53. Is a(-4) a composite number?
False
Let v be (-3)/(((-45)/6)/5). Suppose -b + 186 = 3*b + v*r, 5*b + 4*r = 225. Is b a prime number?
False
Suppose -3*l = 3, -5*p - l + 3*l + 4837 = 0. Is p prime?
True
Let n(b) = 31*b. Let z be n(1). Suppose 4*t + 8 = -u, 5*u - 2*t - 15 = 11. Let k = u + z. Is k a composite number?
True
Is 14*(0 + (-51)/(-6)) composite?
True
Suppose 3*q - 4*q = 2*w, 0 = -5*q + 20. Let f = w - 6. Is (-186)/(-4)*f/(-12) a composite number?
False
Let y = -5 - 2. Let m(k) = k**3 + 10*k**2 + 9*k + 5. Is m(y) prime?
True
Suppose -3*s = x - 484, 3*x - 3*s - 35 - 1477 = 0. Is x a prime number?
True
Let v(n) = -n**2. Let k be v(0). Suppose t + 18 + 52 = k. Is (4/10)/((-2)/t) a prime number?
False
Suppose -4*x - x + 1335 = 0. Is x prime?
False
Is -4*(0 - 11) + 2 a prime number?
False
Suppose 223 = 5*l - 352. Is l a composite number?
True
Let b = -1 - 5. Let c be (-1 - -4)*(-10)/b. Suppose 2*f + 0*f = m + 27, -c*m = -2*f + 31. Is f composite?
False
Let k(l) = 2*l**3 - l**2 - 10*l + 8. Let m(a) = a**3 - 2*a**2 - 9*a + 7. Let b(i) = -2*k(i) + 3*m(i). Is b(-6) composite?
True
Let f(b) = 4*b - 4. Let k be f(5). Suppose -5*w + k + 4 = 0. Suppose w*x - 82 - 22 = 0. Is x a prime number?
False
Suppose -y + 380 = -k, 1155 = 3*y + 4*k - 2*k. Is y composite?
False
Let o(p) = -p**3 + 5*p**2 - 2*p + 3. Let x = -4 - 1. Let i be o(x). Suppose 0 = 5*n - 2 - i. Is n a composite number?
False
Let y(w) = -5*w**3 + w - 1. Let p be y(1). Let v(h) = -6*h - 7. Is v(p) prime?
True
Let r(f) = -2*f + 9 + 9*f + 0*f**2 + f**2. Let v be r(-6). Suppose 2*a = -v*l, -3*a - 6 + 25 = -5*l. Is a composite?
False
Let j(g) = 